n + 145. What is the remainder when c is divided by 0 + 0/3 + 47?
24
Let y(d) = -d - 39. Let z be y(8). Let o = z + 49. Suppose -o*b + h = -222, -b - 6*h = -h - 133. What is the remainder when b is divided by 29?
26
Let z(s) = 103*s + 255. Let m be z(-7). Let n = m - -540. Calculate the remainder when n is divided by -2 + (-3)/((-3)/22).
14
Suppose w = -p + 4352, -6*p - 4*w = 3*p - 39178. What is the remainder when p is divided by 44?
42
Let m = 838 - 835. Calculate the remainder when 38 is divided by m.
2
Suppose 0 = 27*t - 69 - 120. Suppose -t*a = -4*a - 909. What is the remainder when a is divided by 51?
48
Suppose -4*q = -y + 20, -5*y = -0*y. Let x(r) = 4*r**2 + 13*r + 7. Calculate the remainder when x(q) is divided by 1 + ((-78)/(-8) - 2/(-8)).
9
Let s(v) = -v**2 - 6*v + 1. Let a(n) = n**3 + 5*n**2 + 3*n - 4. Let d be a(-3). Suppose 12 = d*m - 13. What is the remainder when s(-4) is divided by m?
4
Let p(j) be the third derivative of j**5/60 + j**4/3 - j**3 - 13*j**2. Let u be p(-5). Let b = 46 + u. What is the remainder when b is divided by 14?
11
Suppose -18*h = -4*h - 1080 - 432. Calculate the remainder when h is divided by 21.
3
Let h(r) = r**3 + 7*r**2 - 6*r + 1. Let q(u) = -u**2 + 13*u + 199. What is the remainder when h(-7) is divided by q(-8)?
12
Let a be (-62 - 0)*(-50)/(-20). Let j = a - -159. Let m = 46 + -39. Calculate the remainder when m is divided by j.
3
Let j = -3338 + 4234. What is the remainder when j is divided by 445?
6
Let i = 146 + -90. What is the remainder when (i/3)/(((-261)/54)/(-29)) is divided by 60?
52
Suppose 72 = 24*l - 19*l + 2*s, 2*s + 68 = 5*l. Calculate the remainder when 381 is divided by l.
3
Calculate the remainder when 333 is divided by 91/546 - (-125)/6.
18
Suppose 2*s + 4*s = -150. Let k = -9 - s. Suppose k = 4*f - 4. What is the remainder when 38 is divided by f?
3
Suppose -3*p + j - 33 = -136, 3*j = 2*p - 64. Let h be -4 - -1*(-4 + p). Suppose 24 = 3*s - h. What is the remainder when 33 is divided by s?
16
Let u(d) = d**3 - 3*d**2 - d + 5. Let y = 20 - -27. Suppose v - y = g, -17*v + 12*v - 2*g = -256. Calculate the remainder when v is divided by u(4).
16
Let s(l) = -9*l - 24. Let m be s(-3). Suppose -i + 4*c + 868 = 3*i, -m*c + 1061 = 5*i. What is the remainder when i is divided by 43?
42
Suppose 0 = 2*z - 40 - 48. Let f be -25 - -29 - 13*-11. Suppose 134*b - f*b = -3393. What is the remainder when b is divided by z?
41
Calculate the remainder when 4/(-3 - (-66396)/22116) is divided by 185.
178
Let g(k) = k**3 + 9*k**2 + 2*k + 13. Let y be g(-9). Calculate the remainder when (-4 + y/(-5))*-19 + 1 is divided by 21.
16
Let i = -238 - -230. What is the remainder when 55 is divided by (-23)/92 - (290/i + 1)?
20
Suppose -2*n + 260 = 9*n - 719. Calculate the remainder when 253 is divided by n.
75
Suppose f - 5*c - 22 = 37, 4*c + 295 = 5*f. Suppose f = z + 17. Calculate the remainder when z is divided by (78/12 - 7)*44/(-1).
20
Suppose 1888 + 87 = 188*j + 95. Suppose 115 = -5*y + 1350. Calculate the remainder when y is divided by j.
7
Suppose -3*c = 4*t + 52 + 44, 4*t = 4*c - 68. What is the remainder when 49 is divided by 3 - t - 8/(-8)?
24
Let o = 29 - -7. Let h be (2 + -1)/((-4)/(-28)). Suppose -u - h = -21. Calculate the remainder when o is divided by u.
8
Suppose -93*f + 4025 = 78*f - 136*f. Calculate the remainder when f is divided by 30.
25
Let l(s) = -s**3 + 22*s**2 - 16*s - 85. Calculate the remainder when 166 is divided by l(21).
6
Suppose 0 = -346*m + 399*m - 13197. Calculate the remainder when m is divided by 4.
1
Let f be 6 + -3 + 525 - (-16 - -22). Let g = f - 512. Calculate the remainder when 49 is divided by g.
9
Let j(n) = 60*n + 2844. What is the remainder when j(-39) is divided by 65?
49
Suppose -792*j - 2*a = -796*j + 2338, 5*j - 2*a = 2922. Calculate the remainder when j is divided by 53.
1
Let n(o) = -o + 8. Let z be n(6). Suppose c = 3*v - 638, 5*c + 137 = z*v - 271. Suppose 628 = 3*g + v. Calculate the remainder when g is divided by 28.
26
Suppose 908*o - 896*o - 22236 = 0. Calculate the remainder when o is divided by 10.
3
Let a = -5786 + 8234. Calculate the remainder when a is divided by 35.
33
Let y = -43 - -45. Let a = 26 - y. Suppose a = 6*i - 102. What is the remainder when 82 is divided by i?
19
Let j = -5695 + 5854. Calculate the remainder when j is divided by 25.
9
What is the remainder when ((16 - 12) + -19)*-1*3689/21 is divided by 9?
7
Let m = 19 + 1346. Calculate the remainder when m is divided by 171.
168
Let j be -2*1 - (67 - 74). Suppose 4*v + 6*f = 3*f + 745, -567 = -3*v - j*f. What is the remainder when v is divided by 178?
6
Let g be 38*((-8)/(80/15) - -1). What is the remainder when 39 is divided by (-6432)/(-456) - (-2)/g?
11
Let a(u) = u**2 - 4*u - 17. Let w be 4/1 + 7 + 0. Let l be a(w). Let t = l - 49. What is the remainder when 37 is divided by t?
4
Suppose 0 = 120*s - 72*s - 8448. Calculate the remainder when s is divided by 110.
66
Suppose 2*a + 5*s + 2 = 3, 4*s + 4 = 0. Let p(n) = -23*n**3 + 0*n**2 - 2 + 9*n**3 + n**2 + 12*n**a - 2*n. Calculate the remainder when 9 is divided by p(-1).
0
Let m(r) be the first derivative of 7*r**2/2 + 114*r - 59. Calculate the remainder when m(-9) is divided by 35.
16
Let m(c) = 1 + 2663*c**3 - 2665*c**3 - 37*c - 61*c**2 + 21. What is the remainder when m(-30) is divided by 26?
24
Let i(c) = -4*c - 5*c + 10*c + 1. Suppose -a = 2*b + 3*b - 20, -3*a = -b - 108. What is the remainder when a is divided by i(13)?
7
Let l(h) = -4*h - 2 - 33*h**3 - h**2 - 63*h**3 - 33*h**3 - 33*h**3 - h**2. What is the remainder when l(-1) is divided by 15?
12
Suppose -4*v + 864 = 5*z, 5*z + 358 = 3*v + 1215. Suppose 7*a = 21*a - 490. Calculate the remainder when z is divided by a.
32
Let q = 352 + -331. Suppose 0 = -2*v + 10, 4*r - 19*v - 170 = -q*v. Calculate the remainder when 79 is divided by r.
39
Let y = 917 + -899. What is the remainder when 313 is divided by y?
7
Let s(i) = 2*i + 3. Suppose 3*t - 414*w + 416*w = 689, -3*t = 5*w - 674. Calculate the remainder when t is divided by s(5).
12
Let k = 48 - 43. Suppose -4*s - 5*d + 33 = 0, 2*s + 3*s - 34 = d. Suppose k*v - p + 205 = s*v, 3*v + 3*p = 303. Calculate the remainder when v is divided by 15.
14
Let r = 39 + -6. Let z = -18479 - -18582. Calculate the remainder when z is divided by r.
4
Let w be 15*1/(15/(-18)). What is the remainder when 60 is divided by (-13)/(-1) + (w - -14)?
6
Suppose 46049*m + 7920 = 46069*m. Calculate the remainder when m is divided by 322.
74
Let z be (-2 - 372/(-9))*-3. Calculate the remainder when (-5)/(-2)*z/(-5) is divided by -14*(-28)/49 + 22.
29
Let f(h) = -h**3 + 6*h**2 + 3*h + 1. Let b = 1838 + -1830. Calculate the remainder when f(-4) is divided by b.
5
Suppose 8734 = 61*h + 11. What is the remainder when 3286 is divided by h?
140
Let z(l) = -l**2 + 135*l - 1747. What is the remainder when z(113) is divided by 173?
47
Let z = -3994 + 4143. What is the remainder when 2071 is divided by z?
134
Let c = -3363 - -3394. What is the remainder when 764 is divided by c?
20
Suppose 4*b + 3*x = 1843, -x = -b + 379 + 87. Let q(p) = 2*p + 4. What is the remainder when b is divided by q(6)?
15
Suppose 4856 = 305*h - 313*h. Let y = -564 - h. What is the remainder when 427 is divided by y?
40
Suppose -592*h = -588*h - 6404. Calculate the remainder when h is divided by 526.
23
Calculate the remainder when (9 + -8)/((-3)/(-99)*9/336) is divided by 6.
2
What is the remainder when -6 + (6 - 6) + (-5 - (-150 - -4)) is divided by 65?
5
Suppose -20*w = g - 14*w - 44, -2*g = 3*w - 52. What is the remainder when g is divided by 11?
9
Let k = -1617 + 1637. What is the remainder when 517 is divided by k?
17
Let r(f) = 2*f**2 - 6*f - 33. Let v be r(9). What is the remainder when 74 is divided by (-10)/(60/v + 14/(-5))?
4
Suppose 0 = -29*y - 175*y + 5304. What is the remainder when 1037 is divided by y?
23
Calculate the remainder when 17253/17 + (-138)/(-1173) is divided by 65.
40
Suppose -5*m + 2*a = -0*m - 18, -10 = 5*m + 5*a. Suppose 12*i - 126 = -m*i. Calculate the remainder when 25 is divided by i.
7
Let x be (-4 - -1) + (5 - 1 - 1). Suppose x = 7*n - 50 - 594. Calculate the remainder when n is divided by 31.
30
Suppose 7*y = p + 698, -5*p - 48 = -23. What is the rema